{"id":716,"date":"2024-01-08T13:31:51","date_gmt":"2024-01-08T13:31:51","guid":{"rendered":"https:\/\/british.edu.pl\/sochaczew\/?page_id=716"},"modified":"2024-05-22T15:32:36","modified_gmt":"2024-05-22T15:32:36","slug":"hiszpanski-dla-mlodziezy","status":"publish","type":"page","link":"https:\/\/british.edu.pl\/sochaczew\/hiszpanski-dla-mlodziezy\/","title":{"rendered":"Hiszpa\u0144ski dla m\u0142odzie\u017cy"},"content":{"rendered":"\n    \n    <section class=\"u-clearfix u-section-2\" id=\"sec-a69f\">\n      <div class=\"u-clearfix u-sheet u-valign-bottom u-sheet-1\">\n        <div class=\"data-layout-selected u-clearfix u-expanded-width u-layout-wrap u-layout-wrap-1\">\n          <div class=\"u-layout\" style=\"\">\n            <div class=\"u-layout-row\" style=\"\">\n              <div class=\"u-align-left u-container-style u-layout-cell u-size-40 u-layout-cell-1\">\n                <div class=\"u-container-layout u-container-layout-1\">\n                  <h2 class=\"u-text u-text-default u-text-1\"> Hiszpa\u0144ski dla m\u0142odzie\u017cy i doros\u0142ych w Sochaczewie<\/h2>\n                  <p class=\"u-text u-text-2\"> Kursy j\u0119zyka hiszpa\u0144skiego dla m\u0142odzie\u017cy i os\u00f3b doros\u0142ych to przemy\u015blane i bardzo atrakcyjne zaj\u0119cia, na kt\u00f3rych nacisk k\u0142adziemy g\u0142\u00f3wnie na umiej\u0119tno\u015b\u0107 komunikowania si\u0119 w j\u0119zyku hiszpa\u0144skim. Nasi do\u015bwiadczeni i doskonale przygotowani lektorzy dzi\u0119ki wykorzystaniu r\u00f3\u017cnorodnych materia\u0142\u00f3w przybli\u017caj\u0105 kursantom nie tylko gramatyk\u0119 i s\u0142ownictwo, ale r\u00f3wnie\u017c bogat\u0105 kultur\u0119 Hiszpanii.&nbsp;<br>\n                  <\/p>\n                <\/div>\n              <\/div>\n              <div class=\"u-container-style u-layout-cell u-size-20 u-layout-cell-2\">\n                <div class=\"u-container-layout u-valign-middle-xs u-container-layout-2\">\n                  <img decoding=\"async\" class=\"custom-expanded u-image u-image-1\" src=\"https:\/\/british.edu.pl\/sochaczew\/wp-content\/uploads\/2024\/01\/young-european-woman-holding-spanish-flag-smiling-confident-with-crossed-arms1.jpg\" data-image-width=\"1500\" data-image-height=\"1000\">\n                <\/div>\n              <\/div>\n            <\/div>\n          <\/div>\n        <\/div>\n      <\/div>\n    <\/section>\n    <section class=\"u-clearfix u-section-3\" id=\"sec-1350\">\n      <div class=\"u-clearfix u-sheet u-sheet-1\">\n        <div class=\"data-layout-selected u-clearfix u-expanded-width u-layout-wrap u-layout-wrap-1\">\n          <div class=\"u-layout\">\n            <div class=\"u-layout-row\">\n              <div class=\"u-container-style u-layout-cell u-size-16 u-layout-cell-1\">\n                <div class=\"u-container-layout u-valign-bottom-xs u-valign-top-lg u-valign-top-md u-valign-top-sm u-valign-top-xl u-container-layout-1\">\n                  <img decoding=\"async\" class=\"u-expanded-width u-image u-image-1\" src=\"https:\/\/british.edu.pl\/sochaczew\/wp-content\/uploads\/2024\/01\/young-spanish-woman-holding-flag-isolated-white-wall-cheerful-smiles-pointing-front1.jpg\" data-image-width=\"1500\" data-image-height=\"1001\">\n                <\/div>\n              <\/div>\n              <div class=\"u-container-style u-layout-cell u-size-44 u-layout-cell-2\">\n                <div class=\"u-container-layout u-container-layout-2\">\n                  <h2 class=\"u-text u-text-default u-text-1\"><b>Najwa\u017cniejsze informacje o kursie:&nbsp;<\/b>\n                  <\/h2>\n                  <ul class=\"u-custom-list u-text u-text-default u-text-2\">\n                    <li>\n                      <div class=\"u-list-icon u-text-palette-1-base\">\n                        <svg class=\"u-svg-content\" viewBox=\"0 0 512 512\" id=\"svg-5ad4\"><path d=\"m433.1 67.1-231.8 231.9c-6.2 6.2-16.4 6.2-22.6 0l-99.8-99.8-78.9 78.8 150.5 150.5c10.5 10.5 24.6 16.3 39.4 16.3 14.8 0 29-5.9 39.4-16.3l282.7-282.5z\" fill=\"currentColor\"><\/path><\/svg>\n                      <\/div> Kurs organizowany dla m\u0142odzie\u017cy i doros\u0142ych \n                    <\/li>\n                    <li>\n                      <div class=\"u-list-icon u-text-palette-1-base\">\n                        <svg class=\"u-svg-content\" viewBox=\"0 0 512 512\" id=\"svg-5ad4\"><path d=\"m433.1 67.1-231.8 231.9c-6.2 6.2-16.4 6.2-22.6 0l-99.8-99.8-78.9 78.8 150.5 150.5c10.5 10.5 24.6 16.3 39.4 16.3 14.8 0 29-5.9 39.4-16.3l282.7-282.5z\" fill=\"currentColor\"><\/path><\/svg>\n                      <\/div>Intensywno\u015b\u0107 kursu- 1 raz lub 2 razy  w tygodniu po 60 lub 90 minut. Istnieje r\u00f3wnie\u017c mo\u017cliwo\u015b\u0107 wyboru d\u0142ugo\u015bci i intensywno\u015bci zaj\u0119\u0107 \n                    <\/li>\n                    <li>\n                      <div class=\"u-list-icon u-text-palette-1-base\">\n                        <svg class=\"u-svg-content\" viewBox=\"0 0 512 512\" id=\"svg-5ad4\"><path d=\"m433.1 67.1-231.8 231.9c-6.2 6.2-16.4 6.2-22.6 0l-99.8-99.8-78.9 78.8 150.5 150.5c10.5 10.5 24.6 16.3 39.4 16.3 14.8 0 29-5.9 39.4-16.3l282.7-282.5z\" fill=\"currentColor\"><\/path><\/svg>\n                      <\/div>Kurs obejmuje 30 lub 60 spotka\u0144 \n                    <\/li>\n                    <li>\n                      <div class=\"u-list-icon u-text-palette-1-base\">\n                        <svg class=\"u-svg-content\" viewBox=\"0 0 512 512\" id=\"svg-5ad4\"><path d=\"m433.1 67.1-231.8 231.9c-6.2 6.2-16.4 6.2-22.6 0l-99.8-99.8-78.9 78.8 150.5 150.5c10.5 10.5 24.6 16.3 39.4 16.3 14.8 0 29-5.9 39.4-16.3l282.7-282.5z\" fill=\"currentColor\"><\/path><\/svg>\n                      <\/div>Istnieje mo\u017cliwo\u015b\u0107 zaj\u0119\u0107 indywidualnych na ka\u017cdym poziomie j\u0119zykowym \n                    <\/li>\n                    <li>\n                      <div class=\"u-list-icon u-text-palette-1-base\">\n                        <svg class=\"u-svg-content\" viewBox=\"0 0 512 512\" id=\"svg-5ad4\"><path d=\"m433.1 67.1-231.8 231.9c-6.2 6.2-16.4 6.2-22.6 0l-99.8-99.8-78.9 78.8 150.5 150.5c10.5 10.5 24.6 16.3 39.4 16.3 14.8 0 29-5.9 39.4-16.3l282.7-282.5z\" fill=\"currentColor\"><\/path><\/svg>\n                      <\/div>Przemy\u015blany i zaplanowany materia\u0142 metodyczny \n                    <\/li>\n                    <li>\n                      <div class=\"u-list-icon u-text-palette-1-base\">\n                        <svg class=\"u-svg-content\" viewBox=\"0 0 512 512\" id=\"svg-5ad4\"><path d=\"m433.1 67.1-231.8 231.9c-6.2 6.2-16.4 6.2-22.6 0l-99.8-99.8-78.9 78.8 150.5 150.5c10.5 10.5 24.6 16.3 39.4 16.3 14.8 0 29-5.9 39.4-16.3l282.7-282.5z\" fill=\"currentColor\"><\/path><\/svg>\n                      <\/div>Metoda komunikatywna\u2013 rozw\u00f3j wszystkich sprawno\u015bci- przede wszystkim m\u00f3wienia, ale tak\u017ce s\u0142uchania, czytania, pisania, gramatyki. W momencie uko\u0144czenia kursant potrafi si\u0119 przedstawi\u0107, zrobi\u0107 podstawowe zakupy, uzyska\u0107 pomoc, porozumie\u0107 si\u0119 w podstawowym zakresie w hotelach, kawiarniach czy na dworcu. \n                    <\/li>\n                    <li>\n                      <div class=\"u-list-icon u-text-palette-1-base\">\n                        <svg class=\"u-svg-content\" viewBox=\"0 0 512 512\" id=\"svg-5ad4\"><path d=\"m433.1 67.1-231.8 231.9c-6.2 6.2-16.4 6.2-22.6 0l-99.8-99.8-78.9 78.8 150.5 150.5c10.5 10.5 24.6 16.3 39.4 16.3 14.8 0 29-5.9 39.4-16.3l282.7-282.5z\" fill=\"currentColor\"><\/path><\/svg>\n                      <\/div>Praca na podr\u0119cznikach renomowanych wydawnictw \n                    <\/li>\n                    <li>\n                      <div class=\"u-list-icon u-text-palette-1-base\">\n                        <svg class=\"u-svg-content\" viewBox=\"0 0 512 512\" id=\"svg-5ad4\"><path d=\"m433.1 67.1-231.8 231.9c-6.2 6.2-16.4 6.2-22.6 0l-99.8-99.8-78.9 78.8 150.5 150.5c10.5 10.5 24.6 16.3 39.4 16.3 14.8 0 29-5.9 39.4-16.3l282.7-282.5z\" fill=\"currentColor\"><\/path><\/svg>\n                      <\/div>Dostosowanie s\u0142ownictwa do potrzeb grupy- j\u0119zyk specjalistyczny, podr\u00f3\u017ce, praca za granic\u0105 \n                    <\/li>\n                    <li>\n                      <div class=\"u-list-icon u-text-palette-1-base\">\n                        <svg class=\"u-svg-content\" viewBox=\"0 0 512 512\" id=\"svg-5ad4\"><path d=\"m433.1 67.1-231.8 231.9c-6.2 6.2-16.4 6.2-22.6 0l-99.8-99.8-78.9 78.8 150.5 150.5c10.5 10.5 24.6 16.3 39.4 16.3 14.8 0 29-5.9 39.4-16.3l282.7-282.5z\" fill=\"currentColor\"><\/path><\/svg>\n                      <\/div>Lektorzy prowadz\u0105cy ten kurs posiadaj\u0105 do\u015bwiadczenie i kwalifikacje do pracy w grupie na danym poziomie j\u0119zykowym \n                    <\/li>\n                    <li>\n                      <div class=\"u-list-icon u-text-palette-1-base\">\n                        <svg class=\"u-svg-content\" viewBox=\"0 0 512 512\" id=\"svg-5ad4\"><path d=\"m433.1 67.1-231.8 231.9c-6.2 6.2-16.4 6.2-22.6 0l-99.8-99.8-78.9 78.8 150.5 150.5c10.5 10.5 24.6 16.3 39.4 16.3 14.8 0 29-5.9 39.4-16.3l282.7-282.5z\" fill=\"currentColor\"><\/path><\/svg>\n                      <\/div>Mo\u017cliwo\u015b\u0107 \u015bledzenia post\u0119p\u00f3w w nauce oraz dost\u0119p do materia\u0142\u00f3w z zaj\u0119\u0107 poprzez e-dziennik \n                    <\/li>\n                    <li>\n                      <div class=\"u-list-icon u-text-palette-1-base\">\n                        <svg class=\"u-svg-content\" viewBox=\"0 0 512 512\" id=\"svg-5ad4\"><path d=\"m433.1 67.1-231.8 231.9c-6.2 6.2-16.4 6.2-22.6 0l-99.8-99.8-78.9 78.8 150.5 150.5c10.5 10.5 24.6 16.3 39.4 16.3 14.8 0 29-5.9 39.4-16.3l282.7-282.5z\" fill=\"currentColor\"><\/path><\/svg>\n                      <\/div>Zaj\u0119cia prowadzone z wykorzystaniem tablic multimedialnych oraz innych udogodnie\u0144 technologicznych \n                    <\/li>\n                    <li>\n                      <div class=\"u-list-icon u-text-palette-1-base\">\n                        <svg class=\"u-svg-content\" viewBox=\"0 0 512 512\" id=\"svg-5ad4\"><path d=\"m433.1 67.1-231.8 231.9c-6.2 6.2-16.4 6.2-22.6 0l-99.8-99.8-78.9 78.8 150.5 150.5c10.5 10.5 24.6 16.3 39.4 16.3 14.8 0 29-5.9 39.4-16.3l282.7-282.5z\" fill=\"currentColor\"><\/path><\/svg>\n                      <\/div>Certyfikat uko\u0144czenia kursu dla ka\u017cdego uczestnika\n                    <\/li>\n                  <\/ul>\n                <\/div>\n              <\/div>\n            <\/div>\n          <\/div>\n        <\/div>\n      <\/div>\n    <\/section>\n    <section class=\"u-clearfix u-palette-1-base u-section-4\" id=\"sec-1339\">\n      <div class=\"u-clearfix u-sheet u-valign-middle u-sheet-1\">\n        <div class=\"data-layout-selected u-clearfix u-expanded-width u-layout-wrap u-layout-wrap-1\">\n          <div class=\"u-layout\">\n            <div class=\"u-layout-row\">\n              <div class=\"u-container-style u-layout-cell u-size-60 u-layout-cell-1\">\n                <div class=\"u-container-layout u-container-layout-1\">\n                  <h2 class=\"u-text u-text-1\">Zapytaj o kurs!<\/h2>\n                  <a href=\"https:\/\/british.edu.pl\/sochaczew\/zapytanie-o-kurs\/\" class=\"u-border-1 u-border-active-palette-2-base u-border-hover-grey-15 u-border-no-left u-border-no-right u-border-no-top u-btn u-button-style u-none u-text-body-alt-color u-text-hover-grey-25 u-btn-1\">Przejd\u017a do formularza&nbsp;<span class=\"u-file-icon u-icon u-text-white\"><img decoding=\"async\" src=\"data:image\/png;base64,iVBORw0KGgoAAAANSUhEUgAAAIAAAACACAYAAADDPmHLAAAAAXNSR0IArs4c6QAADTBJREFUeF7tXQewJUUVPceAYrZUzKJiKWKxCAKFJYIIygIiKwsoiihIEFjWKtBaDKQFBKvAABIEUVGUQlERFEQtERMSXIygYEIMmBMKinid8\/e+\/em9\/2bezNx+M\/Nu1d+\/Vb+77\/S9Z3q6b99AdIjM7AEAFgPYGMAm\/iMJ3ABglf++guQdXRELuzJRM9sawLkA1hsy518A2JfklV2QTesBYGYPBHAigGUA8s7XAJwBYAXJf7YZCHkF0kgZmNl9AFwNYNMRJ3AjgG1J3j5i\/7Hv1nYAHAlgZUkt\/AjANm0FwYIAMLO1fcO0mb9F2hxd5z83krynpHBr625mi\/w516qASWtB0BcAZvZI\/wbuCuDeAwT4LwAnZ38\/juR\/KxBypUOY2bdn7PKrGLuVIJgHADPb0XfLj8kpNa0Iryb545zta29mZk8CcGsNjFoHglkAMLPTfLdcVHZaDZaT1DErOZnZEgCfrulBWgWCNQAws70BnFdSaAeQPKfkGKW7m9mxAI4qPdDgAVoDgikAmNmjANwE4BElhfY\/AHuRvKDkOKW6m9nFmVVvl1KDDO\/cChD0AHA+gFcNn3OuFtoQLiV5Sa7WNTQyM61C+9Uw9NwhGw8CmtlzAFxfsbD+nY35EpJfqnjcXMOZ2UF+isnVvmSjRoNAADgYwOklhdCvu0yo25P8Rg1jLzikmW3hFsAo1o0FgQDwPgAH1CSpvwF4IUndtIWR3\/r9FcB9w5gCjQSBACBbud6YuuiPALYmKbt6GJmZTMAyBUdS40AgAPwdwINrltJvADyf5M9q5rNmeDOTCVhGKpmEI6lRIBAAbgHwtAAJ6Z5dIPhVAK8pFmYmp49rAOhWMJIaAwIB4JMAZPOPIJmLtyL5+whmDoLDshXulCh+M\/g0AgQCwNHZQx8TKKDv+vXqX6J4mtkR7hQSxbLHZ+xBIADUaTcfJPBvAXhRpO\/dBAT9VSEAyGXqhwDWDX495HO3I8m7ovhOQDBf0j1TsDxlL49SxAw+nwPwMpJ3R\/GegGC2pGfeBn4UwCujFDGDzycA7BnpXTQBwbT0ZwJAN4Iy1sgbKJo+COB1JOWNG0ITEKwW81yHkM0B6AKnbsNQPyWfRnJ5iPadyQQEffzkPYBC+wE5hEbT27P9wFsjmXYdBIOcQncAIKeKKjxqi+rzzSRPKtqpTPsug2CgW7iZLQVw4QJewWVkPqzvMpJ1XFEP5NtVEAyLC3hNZh\/QBi06gESbwX1IlvVRHAa0WX\/vIgiGKtbMDslOBu8tJMlqGivo5BUkL6pmuHyjdA0EQwEgsSUUigxES0helk991bRKON\/wu4NcAHAQnADgLdWIuNAod7rJ+CuFepVs3BUQ5AaAg+BUAIeWlO0o3RWTqCjda0fpPGqfLoCgKADUXtE\/+4wq1BL9dH38ApLfKzFG4a5tB0EhAPgqcC8ACvzYo7A0y3eQI4m8im4uP1T+EdoMgsIAcBDI21axdzvlF2NlLW9zENQR\/Nk5O8FIAHAQ3B+AdufbVKba\/AP91EHw2\/xdyrds40owMgAcBA8C8MWa3coHaU5OLHI3\/1N51eYfoW0gKAUAB8HDss2Zjmgb5RdjZS2VBEKBJ3JtD6M2gaA0ABwE62SK+Gq2OXxGmBamGX3dQ9CUoyCM2gKCSgDgIHhCdlb\/GoAnh2lhmpE+QzuTVFBqGLUBBJUBwEHwVAfB48K0MM1I19e7R+crajoIKgWAg2CD7GRwVSLXMvk17k1SiSrCqMkgqBwADgKFZH0ZwEPDtDDN6GySB0bzbSoIagGAg+B5AK4AoLiDaDolCzp5YzTTJoKgNgA4CLbLEkx+NgvLul+0MjJ+x5BUsqhQahoIagWAg0DJmuTUER2hK\/aHk3xnKALS+k8U9ieoHQAOAgWcfCTL26uLpGg6kOTZ0UybshKEAMBBsD+AcEVk+QJ1IlAm049NQDBfAmEAcBCkitVX6rrdSH5mAoLZEggFgIMgOh9Bb8ayEspaKKthKI3z5yAcAA4CZRk\/PFQLq5npvuDFiVLXjWWSiiQAcBCcBSDcYANA6eM2yIxFob4EPuexA0FKAOhE8OEKU9QWWVAuIrl7kQ5VtR23z0EyAPgbIduA8gMoTU00KZWtElSE0ziBICkAHASyEl6qnEHBmvilfwqSVAVLCALlgNi8Vw0tOQAcBCroqHuDLYNBsCvJugpLDJ1KQhCsycUwFgBwEDzEbxCVvTyKVmZZSXQsTUaJQKDgW1VCu2psAOAgUMEK+RI8K0gjl2aJrF8axGsgm0QgkGf1orECgIPgse5VNKzEaxV6u42kCkwlp0QgWDp2AHAQKHNpxNIs6+DakcmpFkJaAhAcP3YAMDPFHSr+MOLZVpGM3HMMXWmCQXBZhJCHTrrXwMwUb6hbu0HFKnOPlbPhuVn28ojaQjkfZ3WzQBDcPjYAMDPFGepIFlnl41CSKbKfLAiIzgHAzBRfqDhDxRtG0qYkFV00NhSofM358uQrgBd40hWt4gwj6YIszDxFatxxOg6ekBQAWYHHZ2cBnsoarvjCSFKyifUjC1cMm1zwm997nN2SAcDM1vd4QuUojqb9Sb4\/mukgfomUrxI+GyYBgJk9xY09j0+gBF087dLhs\/\/UQcNzLl0ZDgAzU9yggkgVRxhN4UUqFppgojdfj3Q6yWX6TygAvEi1bP3PjNY8gPAyNWOq\/DTXwWamjZ7iBTdOoHwVqlKGMbmDJaeEb\/68wJGQFcDrEumo99wE0g8vVTemb37fqKHaAWBm8viR69W2CZSvne6WJH+dgPc8luP05vcerlYAmJnMuipMuXMCBYSXq23Sm187ALLizfL61cXOyxMoXwWrVaH0pgS8G\/Hm1woAM9PKco4KQSVQQJKS9WNm5NHj5IoUruUTkO343w3gDQmULw9fRf58MwHvRr35ta0AZnYcgLclUIC8e+Trr6pnyWkcN3z9hFLpCmBmK7Ir3dCCTz4pRf8uJXlJcs3HOnTMnW6uZX9mp8oAYGYHy8SYQAGK\/9+LpDKYJ6emvPmVfgLMbO8sQeSHok3LPomxudlrmvIlv9IrQOLycoeRfFfy175hy35lnwAzS1lg8miSKyfKn4rwuX1UOYy8AiQuMXtyFtz4plEnXWW\/Ji77pVcAM0tZZPoskgdVqcRRx2q68kfaA5jZIq8P8PBRBVei3\/meCziszPygZ22D8gsDwMye7n58jy6hxFG7KmZgj+hs4P0eti3KLwQAM1vXXbmeOKoGS\/T7gmf4+k+JMSrp2ibl5waAmUVG7M5VlPwHF5MMrQjS9jc\/tyHIzKJj9mfK\/nr3Xg2tCdQV5Q9dAcwsRdaOnvx\/4H58oVXBuqT8BQFgZqny9ui5fuJ1AUc2cFTywW+whS\/v\/PsagtyPL0XmLj23KoPKj09ZvJJS2zZ8\/YQ5DwBmptx9yu+vPP\/R9Dt\/82+JZjyXXxeUP+8T4H58yuufImr2z\/7N\/\/5E+aPb9ovKbtYKYGZnAnh90UEqaP8PANuRvLaCsUoN0ZU3f94x0MyULi08nz6AOwHsoJx1pTRXQeeuKX\/NJ8DMlJxBMWPRVj5Z9hSp+\/kK9FdqiC4qfyYA3gNgeSkJFu98j2IGSCpwJCl1VflTADAzRerK6BJZ0Em3ea8lqXTxSanLyu8BQGnSFMQRSYeQPCOSYT9eXVd+DwCnAZhKFhBER5B8RxCvgWwmyl8tGn0CtPveKkghJ2T3+SmCRmZNb6L8aXEIADLARHj3nEoyRbjYRPkLvN0CwK0A6s6Y\/QEA+6VOzDR58+cjQQBQOFWd8fsXyrRMUhE8yWii\/P6iFwDqDOZU5XCVZbk7meY7cKVbRrYCgMqnfbzMIAP6KiHUTiTvqmHs3EOaWapytYUDNXNPqsKGAoA2gHrYdSoc92qP07+jwjELD5V93jbJ7hmuSVC6vhHKnzoG6h8z29PTuRQWcp8O3\/GCRElTspnZWtkKdJ3q4lQxqQJjNEb5awDgINCFzPYFJtqvqSav3Dx\/KDlO6e6Zb4PiBo8sPVCxARql\/LkAUP5e3QnIF3AU+rl78yRPyeb+jFqBIotPNE75swDgq4CWS4VfbVgQAZ8CcADJ5B68Po8tstVM+5AoaqTy5wHAhafEjscD0O552A2h\/PWXkzwvStJ5+JiZgkejLpsaq\/y+AOgJ2MxUxlWbw82yWj4bAdCmSqQ0bCqzog3WmSRlSRwrMjPdbkYUg2q08hcEwEyN+o5anwUd625ObdIdhrasEsnFAV7NjVd+bgAME\/i4\/T1LVHksgKNqfK5WKL\/NAFjiJejqwEBrlN9mAOh2s469SauU31oA+GlGG1WZgqui1im\/7QCQTUMnld7ppQwQWqn8VgPAVwGZgsumkmut8rsAAAW6yiK46Yivv4Jlti2Th29EvmHdRs4TGPaEJRl5vaIT3fM573wVtyBL4oosH6FS0LeW8gqk8QLwxJbnAlhvyGRUZ2hfkqox2HrqDAB8T6CbzsVeuk4nhN4p4QYAqzLroX5fQTKpI0sk6v4PhmuDqSydOG0AAAAASUVORK5CYII=\" alt=\"\"><\/span>\n                  <\/a>\n                <\/div>\n              <\/div>\n            <\/div>\n          <\/div>\n        <\/div>\n      <\/div>\n    <\/section>\n    \n    \n    \n    \n  \n","protected":false},"excerpt":{"rendered":"<p>Hiszpa\u0144ski dla m\u0142odzie\u017cy i doros\u0142ych w Sochaczewie Kursy j\u0119zyka hiszpa\u0144skiego dla m\u0142odzie\u017cy i os\u00f3b doros\u0142ych to przemy\u015blane i bardzo atrakcyjne zaj\u0119cia, na kt\u00f3rych nacisk k\u0142adziemy g\u0142\u00f3wnie na umiej\u0119tno\u015b\u0107 komunikowania si\u0119 w j\u0119zyku hiszpa\u0144skim. Nasi do\u015bwiadczeni i doskonale przygotowani lektorzy dzi\u0119ki wykorzystaniu r\u00f3\u017cnorodnych materia\u0142\u00f3w przybli\u017caj\u0105 kursantom nie tylko gramatyk\u0119 i s\u0142ownictwo, ale r\u00f3wnie\u017c bogat\u0105 kultur\u0119 Hiszpanii.&nbsp; &hellip; <a href=\"https:\/\/british.edu.pl\/sochaczew\/hiszpanski-dla-mlodziezy\/\" class=\"more-link\">Continue reading<span class=\"screen-reader-text\"> &#8222;Hiszpa\u0144ski dla m\u0142odzie\u017cy&#8221;<\/span><\/a><\/p>\n","protected":false},"author":1,"featured_media":0,"parent":0,"menu_order":0,"comment_status":"closed","ping_status":"closed","template":"","meta":{"footnotes":""},"_links":{"self":[{"href":"https:\/\/british.edu.pl\/sochaczew\/wp-json\/wp\/v2\/pages\/716"}],"collection":[{"href":"https:\/\/british.edu.pl\/sochaczew\/wp-json\/wp\/v2\/pages"}],"about":[{"href":"https:\/\/british.edu.pl\/sochaczew\/wp-json\/wp\/v2\/types\/page"}],"author":[{"embeddable":true,"href":"https:\/\/british.edu.pl\/sochaczew\/wp-json\/wp\/v2\/users\/1"}],"replies":[{"embeddable":true,"href":"https:\/\/british.edu.pl\/sochaczew\/wp-json\/wp\/v2\/comments?post=716"}],"version-history":[{"count":7,"href":"https:\/\/british.edu.pl\/sochaczew\/wp-json\/wp\/v2\/pages\/716\/revisions"}],"predecessor-version":[{"id":1468,"href":"https:\/\/british.edu.pl\/sochaczew\/wp-json\/wp\/v2\/pages\/716\/revisions\/1468"}],"wp:attachment":[{"href":"https:\/\/british.edu.pl\/sochaczew\/wp-json\/wp\/v2\/media?parent=716"}],"curies":[{"name":"wp","href":"https:\/\/api.w.org\/{rel}","templated":true}]}}