{"id":159,"date":"2024-01-08T10:33:25","date_gmt":"2024-01-08T10:33:25","guid":{"rendered":"https:\/\/british.edu.pl\/lowicz\/?page_id=159"},"modified":"2025-02-20T17:43:19","modified_gmt":"2025-02-20T17:43:19","slug":"zespol","status":"publish","type":"page","link":"https:\/\/british.edu.pl\/lowicz\/zespol\/","title":{"rendered":"ZESPOL"},"content":{"rendered":"\n    \n    <section class=\"u-clearfix u-custom-color-2 u-section-2\" id=\"sec-a7d8\">\n      <div class=\"u-clearfix u-sheet u-sheet-1\">\n        <h2 class=\"u-text u-text-1\"> British House \u0141owicz\u2013 tu nauczysz si\u0119 komunikowa\u0107 ze \u015bwiatem&nbsp;<\/h2>\n        <p class=\"u-text u-text-2\"> W British House \u0141owicz ka\u017cdy kursant mo\u017ce liczy\u0107 na indywidualnie dopasowan\u0105 \u015bcie\u017ck\u0119 edukacji, co gwarantuje post\u0119py i sta\u0142e podnoszenie umiej\u0119tno\u015bci j\u0119zykowych. Wierzymy, \u017ce ka\u017cdy s\u0142uchacz ma potencja\u0142 do nauki j\u0119zyka obcego, a nasz\u0105 rol\u0105 jest jego odkrywanie, wspieranie i rozwijanie.<\/p>\n        <p class=\"u-text u-text-3\"> Nasz zesp\u00f3\u0142 wysoce wykwalifikowanych, entuzjastycznych lektor\u00f3w, w tym zar\u00f3wno polskich nauczycieli, jak i native speaker\u00f3w, wyr\u00f3\u017cnia si\u0119 nie tylko ambicj\u0105 i nieustannym doskonaleniem warsztatu pedagogicznego, ale tak\u017ce indywidualnym podej\u015bciem do ka\u017cdego kursanta. Ich zaanga\u017cowanie w spo\u0142eczno\u015b\u0107 i umiej\u0119tno\u015b\u0107 tworzenia inspiruj\u0105cej atmosfery sprawiaj\u0105, \u017ce ka\u017cda lekcja jest nie tylko starannie przygotowana, ale tak\u017ce pe\u0142na pasji i kreatywno\u015bci. W British School korzystamy z nowoczesnych narz\u0119dzi, takich jak tablice interaktywne, kursy e-learningowe, oraz lekcje online, aby nauka by\u0142a nie tylko anga\u017cuj\u0105ca, ciekawa i praktyczna, ale r\u00f3wnie\u017c dostosowana do indywidualnych potrzeb i styl\u00f3w uczenia si\u0119 ka\u017cdego ucznia.<\/p>\n      <\/div>\n    <\/section>\n    <section class=\"u-clearfix u-palette-2-base u-section-3\" id=\"sec-9507\">\n      <div class=\"u-clearfix u-sheet u-sheet-1\">\n        <h2 class=\"u-text u-text-1\">Zesp\u00f3\u0142 Metodyczny:<\/h2>\n      <\/div>\n    <\/section>\n    <section class=\"u-clearfix u-section-4\" id=\"sec-24a2\">\n      <div class=\"u-clearfix u-sheet u-sheet-1\">\n        <div class=\"data-layout-selected u-clearfix u-expanded-width u-layout-wrap u-layout-wrap-1\">\n          <div class=\"u-layout\">\n            <div class=\"u-layout-row\">\n              <div class=\"u-container-style u-layout-cell u-size-20 u-layout-cell-1\">\n                <div class=\"u-container-layout u-container-layout-1\">\n                  <img decoding=\"async\" class=\"u-align-left u-expanded-width u-image u-image-round u-radius u-image-1\" data-image-width=\"1200\" data-image-height=\"1600\" src=\"https:\/\/british.edu.pl\/lowicz\/wp-content\/uploads\/2024\/10\/559d18ae-419b-4d7b-812a-c53a38231309.jpg\">\n                <\/div>\n              <\/div>\n              <div class=\"u-container-style u-layout-cell u-size-40 u-layout-cell-2\">\n                <div class=\"u-container-layout u-valign-middle u-container-layout-2\">\n                  <h2 class=\"u-text u-text-1\"> Katarzyna Janiak<br>\n                  <\/h2>\n                  <h4 class=\"u-text u-text-palette-2-base u-text-2\"> j\u0119zyk angielski -metodyk szko\u0142y, opiekun metody Teddy Eddie, Savvy Ed oraz Edward's League<\/h4>\n                  <p class=\"u-text u-text-3\"> Nauka j\u0119zyka angielskiego to moja pasja. Podr\u00f3\u017ce u\u015bwiadamiaj\u0105 mi za ka\u017cdym razem, \u017ce znajomo\u015b\u0107 j\u0119zyk\u00f3w obcych potrafi by\u0107 du\u017cym atutem i nie raz uratowa\u0142o mnie to od du\u017cych problem\u00f3w. W ludziach podziwiam niezale\u017cno\u015b\u0107 w dzia\u0142aniu, pracowito\u015b\u0107 oraz ich pasje. W wolnych chwilach dbam o rozw\u00f3j w\u0142asnego warsztatu pracy poprzez ogl\u0105danie film\u00f3w i czytanie ksi\u0105\u017cek. Interesuje mnie kultura kraj\u00f3w skandynawskich, kt\u00f3r\u0105 stara\u0142am si\u0119 dok\u0142adnie pozna\u0107 podczas stypendium w Finlandii. Staram si\u0119, by moi uczniowie czerpali satysfakcj\u0119 z nauki j\u0119zyka poprzez wykorzystywanie autentycznych materia\u0142\u00f3w. Uko\u0144czy\u0142am filologi\u0119 angielsk\u0105 z tytu\u0142em magistra na Uniwersytecie \u0141\u00f3dzkim.<br>\n                  <\/p>\n                <\/div>\n              <\/div>\n            <\/div>\n          <\/div>\n        <\/div>\n      <\/div>\n    <\/section>\n    <section class=\"u-clearfix u-section-5\" id=\"carousel_3c80\">\n      <div class=\"u-clearfix u-sheet u-sheet-1\"><\/div>\n    <\/section>\n    <section class=\"u-clearfix u-palette-2-base u-section-6\" id=\"carousel_c62d\">\n      <div class=\"u-clearfix u-sheet u-sheet-1\">\n        <h2 class=\"u-text u-text-1\">Zesp\u00f3\u0142 Lektorski:<\/h2>\n      <\/div>\n    <\/section>\n    <section class=\"u-clearfix u-section-7\" id=\"carousel_7670\">\n      <div class=\"u-clearfix u-sheet u-sheet-1\">\n        <div class=\"data-layout-selected u-clearfix u-expanded-width u-layout-wrap u-layout-wrap-1\">\n          <div class=\"u-layout\">\n            <div class=\"u-layout-row\">\n              <div class=\"u-container-style u-layout-cell u-size-20 u-layout-cell-1\">\n                <div class=\"u-container-layout u-valign-bottom u-container-layout-1\">\n                  <img decoding=\"async\" class=\"u-align-left u-expanded-width u-image u-image-round u-radius u-image-1\" data-image-width=\"1200\" data-image-height=\"1600\" src=\"https:\/\/british.edu.pl\/lowicz\/wp-content\/uploads\/2024\/10\/3f8259aa-63e6-4f1f-ba9c-b4883b7ac9fe.jpg\">\n                <\/div>\n              <\/div>\n              <div class=\"u-container-style u-layout-cell u-size-40 u-layout-cell-2\">\n                <div class=\"u-container-layout u-container-layout-2\">\n                  <h2 class=\"u-text u-text-1\">Zuzanna Mi\u0142ek <br>\n                  <\/h2>\n                  <h4 class=\"u-text u-text-palette-2-base u-text-2\"> j\u0119zyk angielski, licencjonowany lektor metody Teddy Eddie<br>\n                  <\/h4>\n                  <p class=\"u-text u-text-3\"> Jestem studentk\u0105 trzeciego roku lingwistyki dla biznesu na Uniwersytecie \u0141\u00f3dzkim. Podczas studi\u00f3w zdoby\u0142am solidne podstawy w zakresie j\u0119zykoznawstwa oraz praktycznego zastosowania j\u0119zyk\u00f3w obcych w biznesie. Pos\u0142uguj\u0119 si\u0119 j\u0119zykiem angielskim p\u0142ynnie oraz niemieckim na poziomie B2+, co umo\u017cliwia mi swobodn\u0105 komunikacj\u0119 w mi\u0119dzynarodowym \u015brodowisku.Jestem osob\u0105 dynamiczn\u0105, zaanga\u017cowan\u0105 i ci\u0105gle poszukuj\u0105c\u0105 nowych sposob\u00f3w na rozwijanie swoich umiej\u0119tno\u015bci, zar\u00f3wno j\u0119zykowych, jak i pedagogicznych. Czerpi\u0119 ogromn\u0105 satysfakcj\u0119 z pracy, kt\u00f3ra pozwala mi \u0142\u0105czy\u0107 moje zainteresowania z pomoc\u0105 innym w zdobywaniu nowych kompetencji.<\/p>\n                <\/div>\n              <\/div>\n            <\/div>\n          <\/div>\n        <\/div>\n      <\/div>\n    <\/section>\n    <section class=\"u-clearfix u-section-8\" id=\"carousel_3b2b\">\n      <div class=\"u-clearfix u-sheet u-sheet-1\">\n        <div class=\"data-layout-selected u-clearfix u-expanded-width u-layout-wrap u-layout-wrap-1\">\n          <div class=\"u-layout\">\n            <div class=\"u-layout-row\">\n              <div class=\"u-container-style u-layout-cell u-size-20 u-layout-cell-1\">\n                <div class=\"u-container-layout u-valign-bottom u-container-layout-1\">\n                  <img decoding=\"async\" class=\"u-align-left u-expanded-width u-image u-image-round u-radius u-image-1\" data-image-width=\"1200\" data-image-height=\"1600\" src=\"https:\/\/british.edu.pl\/lowicz\/wp-content\/uploads\/2024\/10\/7a0be73c-af46-4c44-a18c-507075a6c1a2.jpg\">\n                <\/div>\n              <\/div>\n              <div class=\"u-container-style u-layout-cell u-size-40 u-layout-cell-2\">\n                <div class=\"u-container-layout u-container-layout-2\">\n                  <h2 class=\"u-text u-text-1\">Kinga Walczak<br>\n                  <\/h2>\n                  <h4 class=\"u-text u-text-palette-2-base u-text-2\"> j\u0119zyk angielski, licencjonowany lektor metody Teddy Eddie<br>\n                  <\/h4>\n                  <p class=\"u-text u-text-3\"> Jestem studentk\u0105 Spo\u0142ecznej Akademii Nauk w \u0141odzi na kierunku filologia angielska. J\u0119zyk angielski jest moim zainteresowaniem ju\u017c od wielu lat, w szkole uczestniczy\u0142am w licznych konkursach. Interesuj\u0119 si\u0119 r\u00f3wnie\u017c muzyk\u0105. Ucz\u0119szczam na zaj\u0119cia z gry na pianinie i \u015bpiewu. Wolny czas wype\u0142nia mi aktywny wypoczynek oraz czytanie ksi\u0105\u017cek.<\/p>\n                <\/div>\n              <\/div>\n            <\/div>\n          <\/div>\n        <\/div>\n      <\/div>\n    <\/section>\n    <section class=\"u-clearfix u-section-9\" id=\"carousel_1210\">\n      <div class=\"u-clearfix u-sheet u-sheet-1\">\n        <div class=\"data-layout-selected u-clearfix u-expanded-width u-layout-wrap u-layout-wrap-1\">\n          <div class=\"u-layout\">\n            <div class=\"u-layout-row\">\n              <div class=\"u-container-style u-layout-cell u-size-20 u-layout-cell-1\">\n                <div class=\"u-container-layout u-valign-middle u-container-layout-1\">\n                  <img decoding=\"async\" class=\"custom-expanded u-align-left u-image u-image-round u-radius u-image-1\" data-image-width=\"1200\" data-image-height=\"1600\" src=\"https:\/\/british.edu.pl\/lowicz\/wp-content\/uploads\/2024\/10\/e446520c-8b71-42a8-86ac-0de1845a5459.jpg\">\n                <\/div>\n              <\/div>\n              <div class=\"u-container-style u-layout-cell u-size-40 u-layout-cell-2\">\n                <div class=\"u-container-layout u-container-layout-2\">\n                  <h2 class=\"u-text u-text-1\">Martyna Zygmuntowicz<br>\n                  <\/h2>\n                  <h4 class=\"u-text u-text-palette-2-base u-text-2\"> j\u0119zyk angielski, licencjonowany lektor metody Teddy Eddie oraz metody Bold Wings<br>\n                  <\/h4>\n                  <p class=\"u-text u-text-3\"> Jestem absolwentk\u0105 Uniwersytetu Warmi\u0144sko-Mazurskiego w Olsztynie na kierunku lingwistyka w biznesie. W trakcie studi\u00f3w pog\u0142\u0119bi\u0142am swoj\u0105 wiedz\u0119 z zakresu j\u0119zyka angielskiego i niemieckiego. Nauka j\u0119zyk\u00f3w obcych jest moj\u0105 pasj\u0105, kt\u00f3r\u0105 pragn\u0119 dzieli\u0107 si\u0119 z uczniami. Wierz\u0119, \u017ce nauka angielskiego mo\u017ce sprawia\u0107 przyjemno\u015b\u0107 i przynosi\u0107 du\u017co satysfakcji. W wolnym czasie czytam ksi\u0105\u017cki i rysuj\u0119.<\/p>\n                <\/div>\n              <\/div>\n            <\/div>\n          <\/div>\n        <\/div>\n      <\/div>\n    <\/section>\n    \n    \n    \n  \n","protected":false},"excerpt":{"rendered":"<p>British House \u0141owicz\u2013 tu nauczysz si\u0119 komunikowa\u0107 ze \u015bwiatem&nbsp; W British House \u0141owicz ka\u017cdy kursant mo\u017ce liczy\u0107 na indywidualnie dopasowan\u0105 \u015bcie\u017ck\u0119 edukacji, co gwarantuje post\u0119py i sta\u0142e podnoszenie umiej\u0119tno\u015bci j\u0119zykowych. Wierzymy, \u017ce ka\u017cdy s\u0142uchacz ma potencja\u0142 do nauki j\u0119zyka obcego, a nasz\u0105 rol\u0105 jest jego odkrywanie, wspieranie i rozwijanie. Nasz zesp\u00f3\u0142 wysoce wykwalifikowanych, entuzjastycznych lektor\u00f3w, &hellip; <a href=\"https:\/\/british.edu.pl\/lowicz\/zespol\/\" class=\"more-link\">Continue reading<span class=\"screen-reader-text\"> &#8222;ZESPOL&#8221;<\/span><\/a><\/p>\n","protected":false},"author":1,"featured_media":0,"parent":0,"menu_order":0,"comment_status":"closed","ping_status":"closed","template":"","meta":{"footnotes":""},"_links":{"self":[{"href":"https:\/\/british.edu.pl\/lowicz\/wp-json\/wp\/v2\/pages\/159"}],"collection":[{"href":"https:\/\/british.edu.pl\/lowicz\/wp-json\/wp\/v2\/pages"}],"about":[{"href":"https:\/\/british.edu.pl\/lowicz\/wp-json\/wp\/v2\/types\/page"}],"author":[{"embeddable":true,"href":"https:\/\/british.edu.pl\/lowicz\/wp-json\/wp\/v2\/users\/1"}],"replies":[{"embeddable":true,"href":"https:\/\/british.edu.pl\/lowicz\/wp-json\/wp\/v2\/comments?post=159"}],"version-history":[{"count":22,"href":"https:\/\/british.edu.pl\/lowicz\/wp-json\/wp\/v2\/pages\/159\/revisions"}],"predecessor-version":[{"id":1500,"href":"https:\/\/british.edu.pl\/lowicz\/wp-json\/wp\/v2\/pages\/159\/revisions\/1500"}],"wp:attachment":[{"href":"https:\/\/british.edu.pl\/lowicz\/wp-json\/wp\/v2\/media?parent=159"}],"curies":[{"name":"wp","href":"https:\/\/api.w.org\/{rel}","templated":true}]}}